o. Suppose r*b - 4*p + 3*p - 3404 = 0, 5*b - p - 4255 = 0. Is b composite?
True
Let w(f) = 12*f + 31307. Let h(s) = 9*s - 72. Let t be h(8). Is w(t) a composite number?
False
Suppose 10 + 450 = 23*c. Suppose -4*i = -c, 93*i + 6511 = d + 91*i. Is d a composite number?
False
Suppose -2*t + m + 17 = 2*t, -15 = -5*m. Suppose -9*f + 4*f = 4*c - 12749, t*f = 5*c - 15880. Is c prime?
True
Let f(h) = h**3 + 18*h**2 - 17*h - 37. Suppose 4*k + 48 = -4*i, 5*k + 95 = -11*i + 13*i. Is f(k) composite?
False
Suppose -10 = -0*d - 2*d. Suppose 0 = d*n + r - 19168, 5*r - 11514 = -27*n + 24*n. Is n a composite number?
False
Let d be (323/76)/(18/16 + -1). Suppose 99562 = -d*v + 246680. Is v composite?
False
Suppose 0 = -17*z + 73 + 46. Suppose -z*j = -66728 - 1809. Is j prime?
True
Suppose 0 = -10*q + 17*q + 70980. Let b = 15451 + q. Is b a composite number?
True
Is 20516 - ((-685)/(-75) + (-6)/45) composite?
False
Is -9 - (-2)/(34056/(-17032) + 2) prime?
False
Let h be 13615*(27/(-5) + 6). Let p = -4780 + h. Is p a composite number?
False
Let r be 66/(-110) - 4/10. Let n be (-2 + 3)*r/(-1). Is n/((-1 - -4)/15)*7 a composite number?
True
Suppose -5*h - 20 = 0, -14*b + 10*b + h = -3932760. Is b a prime number?
True
Let m(n) = -3*n - 21. Let w be 4*(-2)/2 + -6 + 2. Let c be m(w). Suppose 2*o + 650 = 2*y, -c*y + y - 5*o + 678 = 0. Is y a prime number?
False
Let a(k) = 271*k**2 - 375*k + 23. Is a(33) prime?
True
Suppose -5*l - 2*t + 744501 = 0, -148908 = -183*l + 182*l - 3*t. Is l a composite number?
True
Suppose 0 = -w - 1, -3*a + 5*w + 93 = -47. Is ((-5)/a*-1371)/(2/30) a composite number?
True
Let p(o) = o**2 + 16*o + 21. Let w be p(-10). Let d = 45 + w. Suppose d*t - 8420 = 622. Is t a composite number?
True
Let l be 0 + ((-21048)/(-20) - (-9)/15). Let o(y) = y**3 - 12*y**2 - 9*y - 10. Let j be o(9). Let h = j + l. Is h composite?
False
Let z(t) = -t**2 + 3*t + 4. Let q be z(4). Suppose -4*y + 3 + 77 = q. Suppose -n - 2*m = -6*m - 2307, y = -4*m. Is n prime?
True
Is 2402262/20 + ((-2331)/210 - -11) a prime number?
False
Suppose -3*u - 2*r = 84, 0 = 4*u - 0*u + 2*r + 114. Let p be (u/(-75))/(2/10 - 0). Suppose -1501 = -3*o + k, p*o - 5*k = -3*o + 2485. Is o a composite number?
True
Let w = -375 + 368. Is (-1078)/(-7) - (w + 0) a prime number?
False
Is 7 - (2970/(-77))/(1/413) prime?
True
Suppose -5*y + 99 = -116. Let a = y - 39. Is (892/8)/(2/a) prime?
True
Let t be (7 - 76/12)*-2373. Let v = -1091 - t. Is v a composite number?
False
Let b(c) = 61*c + 78. Let r be b(-7). Let z = r - -432. Is z composite?
False
Let m(j) = j + 2*j**2 + 6*j**3 + 8 + 2*j - 24*j**3 - 4*j**2. Suppose 2*w = -2*w + 5*d - 12, 0 = -3*w + 4*d - 9. Is m(w) a composite number?
False
Let j(z) = 153*z**2 - 9*z + 43. Let u = 180 + -170. Is j(u) prime?
False
Suppose -3*m + 15 = -2*m. Suppose -m*s + 14436 + 68679 = 0. Is s a composite number?
True
Let h(z) = z**3 - 6*z**2 + 3. Let s be h(6). Let r be 1/s*15 - 1. Suppose -r*l + 647 = -5*c, 3*c - 655 = -4*l - 0*l. Is l composite?
False
Let g(p) = 9*p**3 - 11*p**2 + 2*p + 17. Suppose 36 - 15 = 3*y. Is g(y) a prime number?
True
Let z(p) be the third derivative of 241*p**4/24 - 157*p**3/3 + 14*p**2. Is z(7) a prime number?
True
Is -3 - 1/(-1) - (-2381400)/56 prime?
False
Suppose 12 = 2*f + 5*i - 0*i, 0 = -2*f - 4*i + 16. Suppose 14*q + 5260 = f*q. Let d = q - 1247. Is d a composite number?
True
Suppose 950 = -5*c + 10*c. Let x = 4858 + c. Suppose 14*u = 6*u + x. Is u composite?
False
Suppose -3*x + 2*w = -0*x - 2912, 0 = 4*x - 5*w - 3885. Let p = 2628 - x. Suppose 4*o - p = -3*l, -l = 5*o + 2*l - 2071. Is o composite?
True
Suppose -6*o + 4*o = 606. Let j = 675 + o. Suppose j - 1014 = -3*y. Is y prime?
False
Suppose -888*x = -5*q - 885*x + 15566, 3*q + x - 9320 = 0. Is q a composite number?
False
Suppose -5686797 = -15*o + 2140227 - 1263249. Is o a composite number?
True
Let i = 211 - 226. Is 817 - 2 - 6/(-15)*i composite?
False
Suppose 66*f - 183849 = 194397. Is f prime?
False
Let x = 60 - 27. Let s = x - 33. Is ((-5524)/6)/(2/(-3) + s) prime?
True
Suppose 6*o + 3135 = o. Let d = o - -2521. Suppose 4*l + 1380 - 3857 = 3*b, 3*l + 5*b = d. Is l prime?
False
Suppose -p + 29 - 28 = 0, 3*a - 5*p = 743482. Is a a composite number?
False
Let t(h) = -h + 18. Let f be t(8). Let p be 629 + (-6 - -5) + 1/(-1). Suppose f*x - 7*x = p. Is x a composite number?
True
Let y(o) = o**3 - 20*o**2 - 76*o - 26. Let l be y(21). Is (0 - 5) + (13 - l) prime?
False
Suppose -5*s + 7*y + 268263 = 4*y, -4*s - y + 214607 = 0. Let m = -24241 + s. Is m composite?
False
Suppose -4*h + 14 = 5*g - 58, 2*g - 12 = 4*h. Is -1 + 25197/g + (-4)/(-16) prime?
True
Suppose -66*h + 25761073 = -25164791 + 19235106. Is h a prime number?
False
Suppose -2*v + 2*m = -103144, 0 = 5*v + 3*m - 252155 - 5665. Is v a prime number?
False
Suppose 0 = 2*z - 538 - 190. Suppose -537 = -h + z. Is h a composite number?
True
Suppose -7*q + 5*z = -q - 295757, 4*q + 2*z = 197198. Is q a composite number?
False
Suppose -3*g + 3*z + 12 = 0, -5*g - 4*z = -z - 4. Suppose 3*q + 5*h = -g*q + 7260, 0 = 4*q + 2*h - 5806. Is q a prime number?
True
Suppose -34*t + 33*t + 3 = 0. Suppose -t*n = -0*n + 28215. Is (-2)/4 - n/6 a prime number?
True
Let c(p) = 30256*p**2 - 75*p - 145. Is c(-2) a prime number?
False
Suppose 59 = 11*u - 29. Is (19/2 - u)/((-4)/(-62312)) prime?
False
Let y(s) = -s**3 + 11*s**2 + s - 12. Let o be y(11). Is o + 2 + (502 - (-4)/2) a composite number?
True
Let k be (-12)/(-24)*((-12)/2)/(-1). Is 4269*(k + (-24)/9) a prime number?
True
Suppose 27*j = -98*j + 7754875. Is j composite?
False
Let a(q) = -2*q**3 - 4*q**2 - 12*q + 18. Let s(l) = l**3 - l + 1. Let g(z) = a(z) + 3*s(z). Let v be g(7). Is (-13634)/(-4) - v/42 a composite number?
False
Let y(o) = o**2 - 12*o - 7. Let v be y(17). Let r = v - 84. Let d(z) = -20*z - 2. Is d(r) composite?
True
Let c = -18418 + 133161. Is c composite?
False
Is (-523256)/6*(-24)/32 a composite number?
False
Let z(k) be the second derivative of 9*k**5/10 + k**4/8 - 23*k**3/6 + 9*k**2 + 28*k. Let o(y) be the first derivative of z(y). Is o(-6) composite?
True
Is (-2 - (-299)/46)*868276/18 a composite number?
False
Let t(x) = 7065*x**2 - 785*x - 3957. Is t(-5) a prime number?
False
Suppose 64 + 21 = 5*a. Let t = 17 - a. Suppose 5*r + 5*v = -279 + 1064, -5*v = t. Is r a composite number?
False
Let x = -2174 - -40471. Is x a prime number?
False
Let m(a) = -33*a**3 - 96*a**2 - 550*a - 43. Is m(-26) a composite number?
True
Let d(w) = -8*w**2 - 9*w - 23. Let m be d(22). Let g = 18903 - m. Suppose -12*n + 8*n + g = 0. Is n composite?
False
Let s(r) = -2*r**2 - 6*r + 4. Let a be s(-3). Suppose -5*b + a*k = -9, b + 0*k = 2*k - 3. Suppose 0 = 3*l - b*l + 422. Is l a prime number?
True
Let v = 1218 + -849. Suppose 3*h = 2*q + v, 461 = 3*h - q + 92. Suppose 3*n - 373 = -g - h, -2*n - 4*g + 170 = 0. Is n composite?
False
Let y(b) = -65*b**3 - 15*b**2 - 32*b - 6. Let o be y(-13). Suppose 213*g + o = 221*g. Is g a composite number?
True
Let r = 2193675 + -1387570. Is r a composite number?
True
Let d(y) = -y**3 + 10*y**2 - 3*y + 33. Let u be d(10). Suppose q + 3*p = 970, p - u = -6. Is q a prime number?
False
Let h(m) = 9501*m - 670. Is h(21) a prime number?
True
Suppose -u + 5*r - 17426 = 0, 0 = u - 4*r - 0*r + 17430. Let k = u + 32555. Is k composite?
True
Let r be (-8688)/(-9)*6/4. Let t be (-4 + 4)*-1 - (2 + r). Let z = t - -2661. Is z a composite number?
True
Let r = 215894 - 6043. Is r a prime number?
True
Suppose -4*j - z + 268342 = 0, 51681 - 387140 = -5*j + 4*z. Is j composite?
True
Let f(q) = -36*q - 17. Suppose 31*s = 32*s + 17. Let w be f(s). Suppose 4*p - 12 - 8 = 0, 0 = -2*g - p + w. Is g a composite number?
True
Let p = 13 - 8. Let h(u) = 355*u + 13. Let c(a) = -179*a - 4. Let b(g) = -5*c(g) - 2*h(g). Is b(p) composite?
False
Let y be (132/(-10))/(-1*(-2)/(-10)). Let s = -62 + y. Suppose -s*d = -7217 + 1773. Is d composite?
False
Let m(p) = -p**2 - 9*p - 14. Let j be m(-8). Is (3798/j + -8)/(-1*1) prime?
True
Suppose c - 195935 = -5*x + 592168, -c = 4*x - 630482. Is x a composite number?
True
Let r(w) be the first derivative of -3*w**2/2 + 18*w - 20. Let t be r(7). Let p(d) = -1434*d + 17. Is p(t) prime?
False
Suppose 6*v + 7*v - 206856 = 0. Is 5/35 + v/42 prime?
True
L